7520?
True
Does 413 divide 7125397?
False
Is 33 a factor of 219278466?
True
Does 30 divide 540638850?
True
Is 352638342 a multiple of 1554?
True
Does 49 divide 162950600?
False
Does 14 divide 2202474?
False
Is 12437136 a multiple of 48?
True
Is 1698 a factor of 57738792?
True
Does 23 divide 18435752?
False
Is 21 a factor of 3970109908?
False
Is 8302527 a multiple of 50?
False
Is 354 a factor of 49455216?
True
Is 291 a factor of 12392235?
True
Is 47731808 a multiple of 32?
True
Is 76 a factor of 43997508?
False
Is 1340 a factor of 404149360?
True
Is 3 a factor of 86886702?
True
Is 1540435 a multiple of 13?
True
Is 5035194537 a multiple of 33?
False
Does 3482 divide 571935910?
True
Does 14 divide 52641738?
False
Is 142 a factor of 1022400?
True
Is 17926800 a multiple of 8?
True
Is 1656 a factor of 57678480?
True
Is 1166078 a multiple of 8?
False
Is 74144700 a multiple of 84?
True
Is 2424 a factor of 2502159456?
True
Is 14 a factor of 631962041?
False
Does 101 divide 288461353?
True
Does 3120 divide 609434362?
False
Does 1185 divide 68852471?
False
Is 46 a factor of 16300261?
False
Is 314887594 a multiple of 182?
False
Is 181586828 even?
True
Is 22 a factor of 156998913?
False
Is 333465578 a multiple of 3?
False
Is 328385887 a multiple of 75?
False
Does 3 divide 566355163?
False
Is 3677 a factor of 117689739?
True
Is 135946824 a multiple of 426?
True
Does 938 divide 109169788?
False
Is 3819 a factor of 425335697?
False
Is 513 a factor of 35206164?
True
Is 42 a factor of 11259628?
False
Does 4 divide 12399429?
False
Is 9872 a factor of 2357325008?
True
Is 14 a factor of 30555742?
True
Is 26319256 a multiple of 831?
False
Is 4896052 a multiple of 22?
False
Does 15 divide 23768130?
True
Is 136 a factor of 22754793?
False
Is 310 a factor of 209555660?
True
Does 9 divide 217821645?
True
Is 211361007 a multiple of 13?
True
Is 506929257 a multiple of 71?
False
Is 2698 a factor of 158353714?
True
Is 104861682 a multiple of 9?
True
Is 110296307 a multiple of 1997?
True
Is 756 a factor of 1482516?
True
Is 172 a factor of 11154716?
True
Is 239836645 a multiple of 5?
True
Is 47114321 a multiple of 430?
False
Is 2667561454 a multiple of 19?
False
Does 26 divide 213731753?
False
Is 1943248 a multiple of 238?
False
Does 54 divide 575506026?
True
Does 526 divide 49306647?
False
Is 38350301 a multiple of 53?
False
Is 44233471 a multiple of 13?
False
Is 580 a factor of 67876240?
True
Is 51630109 a multiple of 12?
False
Does 4257 divide 359904413?
False
Is 294 a factor of 24537918?
False
Is 15273 a factor of 103831742?
False
Is 1810 a factor of 96331696?
False
Is 3187408 a multiple of 149?
True
Is 252380017 a multiple of 366?
False
Is 212 a factor of 71627994?
False
Does 1841 divide 15770986?
False
Does 33 divide 998389167?
False
Does 92 divide 78102480?
True
Is 593 a factor of 8096822?
True
Is 315 a factor of 285646410?
True
Is 93725918 a multiple of 533?
True
Is 1287680316 a multiple of 3511?
True
Does 5420 divide 2530457080?
True
Does 115 divide 850617414?
False
Is 7274 a factor of 97580710?
True
Does 18 divide 13740243?
False
Is 29576476 a multiple of 30?
False
Is 150 a factor of 153879900?
True
Does 87 divide 196239462?
True
Is 13 a factor of 525512260?
True
Is 77726884 a multiple of 129?
False
Is 195 a factor of 3682770?
True
Is 21719115 a multiple of 1335?
True
Does 15 divide 398348730?
True
Is 24 a factor of 1848192?
True
Is 130529476 a multiple of 44?
True
Is 85 a factor of 2419294?
False
Is 476 a factor of 560329588?
True
Is 10421755 a multiple of 16?
False
Is 77 a factor of 777121545?
False
Is 150 a factor of 322241388?
False
Is 20 a factor of 47505476?
False
Is 340 a factor of 162073939?
False
Is 7 a factor of 338142811?
False
Does 84 divide 338344692?
True
Is 83829041 a multiple of 31?
False
Is 86797580 a multiple of 1972?
True
Is 285609690 a multiple of 30?
True
Does 2 divide 3835104?
True
Does 23 divide 1941200?
True
Is 19666634 a multiple of 247?
True
Is 1503865 a multiple of 164?
False
Is 1191669858 a multiple of 9?
True
Is 711943903 a multiple of 387?
False
Is 40137824 a multiple of 772?
True
Is 1339853820 a multiple of 12?
True
Is 14240605 a multiple of 184?
False
Does 23 divide 690919367?
False
Does 2648 divide 702742128?
True
Does 18 divide 1812780?
True
Is 652 a factor of 14110869?
False
Is 257183949 a multiple of 11?
True
Does 405 divide 153144675?
True
Is 738 a factor of 17982846?
True
Does 1275 divide 1915124781?
False
Does 61 divide 214974614?
True
Is 1129 a factor of 363409294?
True
Is 74810223 a multiple of 93?
True
Is 101346120 a multiple of 3210?
True
Is 7 a factor of 24300786?
False
Is 12206366 a multiple of 270?
False
Is 87033303 a multiple of 383?
True
Does 23 divide 134327102?
False
Does 6037 divide 1146426300?
True
Does 756 divide 9862776?
True
Is 2613024 a multiple of 516?
True
Does 17 divide 256375963?
True
Is 24941216 a multiple of 32?
True
Is 31 a factor of 91389674?
True
Is 24406888 a multiple of 2737?
False
Is 129 a factor of 1291062698?
False
Is 6234750 a multiple of 90?
True
Is 201 a factor of 390174517?
False
Is 1339907 a multiple of 120?
False
Is 53426990 a multiple of 145?
True
Is 23 a factor of 45242849?
False
Is 480522102 a multiple of 250?
False
Is 146770155 a multiple of 7?
True
Is 205773030 a multiple of 30?
True
Is 623 a factor of 6042399?
False
Is 57 a factor of 336153453?
True
Does 8 divide 1538733?
False
Does 117 divide 132575859?
True
Does 8 divide 10161488?
True
Does 1880 divide 288623240?
True
Is 5491507 a multiple of 7?
True
Is 701594740 a multiple of 110?
True
Does 1074 divide 520167198?
True
Is 594 a factor of 119244312?
True
Does 16 divide 13793028?
False
Is 365284610 a multiple of 114?
False
Does 39 divide 33329751?
True
Is 86 a factor of 32805904?
True
Is 414 a factor of 4150407564?
False
Does 23 divide 703053?
False
Is 2132705505 a multiple of 595?
True
Is 1366 a factor of 491855133?
False
Is 143511076 a multiple of 1031?
True
Does 687 divide 791590254?
True
Is 6467360 a multiple of 64?
False
Does 14 divide 95040974?
True
Is 33674160 a multiple of 30?
True
Is 633628413 a multiple of 250?
False
Is 204 a factor of 19421653?
False
Does 28 divide 173073209?
False
Is 562 a factor of 1661272?
True
Does 226 divide 21754986?
True
Is 847 a factor of 182031311?
True
Does 52 divide 502441264?
True
Is 3587720 a multiple of 2?
True
Does 10 divide 84349412?
False
Does 20 divide 25561460?
True
Does 37 divide 1122213832?
False
Is 891 a factor of 13167198?
True
Is 175608891 a multiple of 87?
True
Does 22 divide 16201284?
True
Does 991 divide 34915903?
True
Is 10 a factor of 814359935?
False
Does 69 divide 1361186046?
True
Is 1245577246 a multiple of 2149?
False
Is 8376 a factor of 4468889988?
False
Does 1125 divide 622786928?
False
Is 59159920 a multiple of 40?
True
Is 10 a factor of 2166158846?
False
Is 887387 a multiple of 28?
False
Does 184 divide 108198808?
True
Is 49 a factor of 421341226?
False
Is 16 a factor of 145740805?
False
Does 4685 divide 643981512?
False
Is 9681 a factor of 965336622?
False
Is 3619 a factor of 343964236?
True
Is 1349 a factor of 350784517?
True
Does 1857 divide 1517904372?
True
Is 34623159 a multiple of 981?
False
Is 8 a factor of 27736156?
False
Does 51 divide 26960164?
False
Is 77078508 a multiple of 13?
True
Does 37 divide 281726954?
True
Is 262142544 a multiple of 313?
False
Is 2214 a factor of 178420522?
False
Does 3416 divide 83251336?
True
Is 2835720 a multiple of 18?
True
Is 46 a factor of 41630?
True
Is 59977660 a multiple of 5?
True
Is 41074514 a multiple of 26?
True
Does 2846 divide 2465190970?
True
Is 16 a factor of 69151220?
False
Is 4489430652 a multiple of 2142?
True
Is 145970369 a multiple of 86?
False
Is 10 a factor of 35021130?
True
Is 3300320035 a multiple of 280?
False
Is 862 a factor of 126554530?
True
Is 12891226 a multiple of 285?
False
Is 3672766612 a multiple of 13?
False
Does 3983 divide 940653161?
True
Is 10 a factor of 58701891?
False
Is 56 a factor of 124073789?
False
Is 130007592 a multiple of 572?
True
Is 30131753 a multiple of 73?
False
Is 509907902 a multiple of 27?
False
Is 6 a factor of 137114544?
True
Does 62 divide 1591100910?
False
Is 30 a factor of 1504598400?
True
Does 465 divide 369738240?
True
Is 2079539 a multiple of 12?
False
Does 2668 div